8.
2, 3002189
What are the prime factors of 7747005?
3, 5, 7, 89, 829
What are the prime factors of 1911585?
3, 5, 13, 9803
What are the prime factors of 465381?
3, 7, 83, 89
List the prime factors of 737535.
3, 5, 49169
List the prime factors of 8498866.
2, 4249433
List the prime factors of 125096.
2, 19, 823
What are the prime factors of 1557?
3, 173
What are the prime factors of 1238014?
2, 619007
What are the prime factors of 20800247?
13, 857, 1867
List the prime factors of 3159899.
1657, 1907
List the prime factors of 336232.
2, 13, 53, 61
List the prime factors of 10523569.
7, 1503367
List the prime factors of 726078.
2, 3, 121013
What are the prime factors of 13021?
29, 449
List the prime factors of 1637702.
2, 11, 74441
List the prime factors of 105337.
105337
What are the prime factors of 3025534?
2, 1512767
What are the prime factors of 158162?
2, 31, 2551
List the prime factors of 18802705.
5, 3760541
List the prime factors of 171991.
293, 587
List the prime factors of 202715.
5, 40543
What are the prime factors of 5874756?
2, 3, 79, 6197
List the prime factors of 1288343.
7, 41, 67
List the prime factors of 6513084.
2, 3, 227, 797
What are the prime factors of 242684?
2, 13, 359
What are the prime factors of 620949?
3, 7, 29569
What are the prime factors of 136671?
3, 45557
List the prime factors of 14276035.
5, 2855207
What are the prime factors of 6182096?
2, 386381
What are the prime factors of 14227861?
17, 41, 137, 149
List the prime factors of 17874808.
2, 7, 45599
What are the prime factors of 1514329?
1514329
What are the prime factors of 13197641?
37, 356693
List the prime factors of 334832.
2, 17, 1231
What are the prime factors of 4264899?
3, 71, 20023
List the prime factors of 858074.
2, 7, 61291
What are the prime factors of 187322?
2, 229, 409
What are the prime factors of 3675376?
2, 229711
What are the prime factors of 2300649?
3, 13, 58991
What are the prime factors of 12680369?
13, 79, 12347
List the prime factors of 4144854.
2, 3, 7, 29, 41, 83
List the prime factors of 925155.
3, 5, 7, 11, 89
What are the prime factors of 158225?
5, 6329
What are the prime factors of 3118812?
2, 3, 19, 13679
What are the prime factors of 24609?
3, 13, 631
List the prime factors of 6937959.
3, 7, 109, 433
What are the prime factors of 1790164?
2, 447541
List the prime factors of 34262082.
2, 3, 634483
What are the prime factors of 9875308?
2, 1481, 1667
List the prime factors of 533742.
2, 3, 11, 8087
What are the prime factors of 207953?
207953
List the prime factors of 488021.
488021
What are the prime factors of 27097518?
2, 3, 7, 645179
What are the prime factors of 5196202?
2, 11, 251, 941
List the prime factors of 101045.
5, 7, 2887
List the prime factors of 1275133.
1275133
What are the prime factors of 117917?
117917
What are the prime factors of 20835?
3, 5, 463
What are the prime factors of 18806549?
18806549
List the prime factors of 6355470.
2, 3, 5, 11, 19259
What are the prime factors of 4866583?
4866583
List the prime factors of 8194898.
2, 331, 12379
List the prime factors of 1524919.
11, 138629
List the prime factors of 339907.
339907
List the prime factors of 1828677.
3, 149, 4091
List the prime factors of 14207343.
3, 131, 36151
List the prime factors of 9763309.
9763309
List the prime factors of 4144073.
17, 243769
List the prime factors of 2409126.
2, 3, 47, 8543
List the prime factors of 125507.
125507
What are the prime factors of 2302711?
31, 59, 1259
List the prime factors of 1741212.
2, 3, 11, 4397
List the prime factors of 4333864.
2, 41, 73, 181
List the prime factors of 340335.
3, 5, 2521
List the prime factors of 5006523.
3, 587, 2843
List the prime factors of 1689150.
2, 3, 5, 11261
List the prime factors of 3080550.
2, 3, 5, 11, 1867
What are the prime factors of 5616050?
2, 5, 11, 10211
What are the prime factors of 815061?
3, 13, 20899
List the prime factors of 207038.
2, 13, 7963
What are the prime factors of 475693?
475693
List the prime factors of 599623.
599623
List the prime factors of 223077.
3, 23, 53, 61
What are the prime factors of 6176098?
2, 23, 134263
What are the prime factors of 24173230?
2, 5, 23, 227, 463
List the prime factors of 268060.
2, 5, 13, 1031
What are the prime factors of 3411569?
7, 41, 11887
What are the prime factors of 14261514?
2, 3, 19, 125101
What are the prime factors of 8593918?
2, 29, 148171
What are the prime factors of 290400?
2, 3, 5, 11
List the prime factors of 283033.
17, 16649
What are the prime factors of 5171590?
2, 5, 277, 1867
What are the prime factors of 7692619?
11, 17, 31, 1327
What are the prime factors of 859872?
2, 3, 13, 53
List the prime factors of 15402566.
2, 7701283
What are the prime factors of 319397?
13, 79, 311
What are the prime factors of 749161?
7, 15289
What are the prime factors of 26224984?
2, 1019, 3217
What are the prime factors of 8955384?
2, 3, 19, 41, 479
List the prime factors of 13164899.
11, 1196809
What are the prime factors of 2361114?
2, 3, 7, 2677
What are the prime factors of 370535?
5, 11, 6737
What are the prime factors of 1263410?
2, 5, 126341
List the prime factors of 207843.
3, 29, 2389
List the prime factors of 2693665.
5, 13, 29, 1429
List the prime factors of 14540752.
2, 908797
What are the prime factors of 19614885?
3, 5, 293, 4463
What are the prime factors of 1689154?
2, 17, 49681
List the prime factors of 139710.
2, 3, 5, 4657
What are the prime factors of 14455119?
3, 7, 688339
List the prime factors of 672427.
7, 13723
What are the prime factors of 351968?
2, 17, 647
List the prime factors of 1493254.
2, 7, 106661
List the prime factors of 17631285.
3, 5, 7, 167917
What are the prime factors of 3458590?
2, 5, 349, 991
What are the prime factors of 1289470?
2, 5, 7, 13, 109
What are the prime factors of 19505764?
2, 4876441
What are the prime factors of 10858850?
2, 5, 41, 5297
What are the prime factors of 1263653?
31, 40763
What are the prime factors of 4218138?
2, 3, 234341
List the prime factors of 3274838.
2, 7, 233917
What are the prime factors of 197562?
2, 3, 19, 1733
What are the prime factors of 249868?
2, 62467
List the prime factors of 60135.
3, 5, 19, 211
List the prime factors of 113660.
2, 5, 5683
What are the prime factors of 11033730?
2, 3, 5, 122597
What are the prime factors of 146804?
2, 7, 107
List the prime factors of 4069841.
443, 9187
What are the prime factors of 165730?
2, 5, 16573
List the prime factors of 16761098.
2, 1013, 8273
List the prime factors of 150898.
2, 11, 19
What are the prime factors of 306933?
3, 11, 71, 131
List the prime factors of 1119266.
2, 559633
List the prime factors of 30509033.
17, 1794649
What are the prime factors of 652154?
2, 17, 19181
List the prime factors of 3778524.
2, 3, 104959
What are the prime factors of 18253633?
89, 205097
List the prime factors of 4342.
2, 13, 167
What are the prime factors of 431767?
7, 61681
List the prime factors of 483700.
2, 5, 7, 691
List the prime factors of 422723.
7, 8627
What are the prime factors of 318249?
3, 3929
What are the prime factors of 40341?
3, 7, 17, 113
What are the prime factors of 6109495?
5, 7, 173, 1009
List the prime factors of 8067127.
47, 171641
List the prime factors of 880447.
17, 67, 773
List the prime factors of 244312.
2, 30539
What are the prime factors of 8302783?
17, 488399
List the prime factors of 832858.
2, 13, 103, 311
What are the prime factors of 2139997?
29, 109, 677
List the prime factors of 207947.
207947
What are the prime factors of 1601376?
2, 3, 7, 2383
What are the prime factors of 208707?
3, 73, 953
List the prime factors of 2545919.
2545919
What are the prime factors of 5647903?
23, 245561
List the prime factors of 96836.
2, 43, 563
List the prime factors of 4426262.
2, 193, 11467
List the prime factors of 1294398.
2, 3, 7, 10273
List the prime factors of 9620526.
2, 3, 1603421
What are the prime factors of 1878432?
2, 3, 17, 1151
What are the prime factors of 9325895?
5, 1865179
List the prime factors of 96841.
113, 857
What are the prime factors of 7631921?
11, 31, 22381
What are the prime factors of 1548082?
2, 19, 40739
List the prime factors of 1505383.
11, 107, 1279
List the prime factors of 151994.
2, 75997
What are the prime factors of 9251295?
3, 5